{"id":65,"date":"2020-09-17T08:52:50","date_gmt":"2020-09-17T08:52:50","guid":{"rendered":"https:\/\/novyweb.zsnizbor.cz\/druzina\/?page_id=65"},"modified":"2020-09-23T06:36:54","modified_gmt":"2020-09-23T06:36:54","slug":"jednorazove-akce","status":"publish","type":"page","link":"https:\/\/www.zsnizbor.cz\/druzina\/aktivity\/jednorazove-akce\/","title":{"rendered":"Jednor\u00e1zov\u00e9 akce"},"content":{"rendered":"<hr \/>\n<h2>UKLID\u00cdME SVOJI OBEC<\/h2>\n<p>V p\u00e1tek <strong>12. dubna<\/strong> si \u0161koln\u00ed dru\u017eina v r\u00e1mci pravideln\u00e9 vych\u00e1zky zvolila t\u00e9ma<strong> UKLID\u00cdME SVOJI OBEC<\/strong>. Vydali jsme se vyzbrojeni gumov\u00fdmi rukavicemi a pytli pod\u00e9l potoka ke h\u0159i\u0161ti. Na\u0161li jsme v\u011bci r\u016fzn\u00e9 od d\u011brav\u00fdch hrnc\u016f, plastov\u00fdch lahv\u00ed, st\u0159ep\u016f i pap\u00edr\u016f. D\u011bti byly jako ost\u0159\u00ed\u017ei, z\u00e1vodily, kdo nasb\u00edr\u00e1 nejv\u00edce a o materi\u00e1l nebyla nouze. V\u0161e jsme odlo\u017eili do ko\u0161e u h\u0159i\u0161t\u011b a pak se chvilku v\u011bnovali hr\u00e1m. P\u0159ekvapilo n\u00e1s, s jak\u00fdm nad\u0161en\u00edm se d\u011bti t\u00e9to \u010dinnosti zhostily.<\/p>\n<p><img loading=\"lazy\" decoding=\"async\" class=\"alignnone size-thumbnail wp-image-75\" src=\"https:\/\/www.zsnizbor.cz\/druzina\/wp-content\/uploads\/sites\/2\/2020\/09\/uklid-150x150.jpg\" alt=\"\" width=\"150\" height=\"150\" \/><\/p>\n<p><span style=\"font-size: 8pt;\">ilustra\u010dn\u00ed foto<\/span><\/p>\n<hr \/>\n<h2><strong>KOUZELN\u00c9 ODPOLEDNE S\u00a0KOUZELN\u00cdKEM<\/strong><\/h2>\n<p><strong>V\u00a0\u00fater\u00fd 29. 1. 2019<\/strong> na\u0161i \u0161koln\u00ed dru\u017einu nav\u0161t\u00edvil kouzeln\u00edk. D\u011bti se se\u0161ly ve t\u0159\u00edd\u011b a staly se sou\u010d\u00e1st\u00ed \u010dar a kouzel, mizen\u00ed uzl\u016f, karetn\u00edch trik\u016f, p\u0159emis\u0165ov\u00e1n\u00ed p\u0159edm\u011bt\u016f, vy\u010darov\u00e1n\u00ed hrdli\u010dek\u2026. Na n\u011bkter\u00fdch kouzlech se d\u011bti samy pod\u00edlely nebo kouzeln\u00edkovi pom\u00e1hali vybran\u00ed asistenti z\u00a0\u0159ad div\u00e1k\u016f. Po\u0159ad byl vtipn\u00fd, zaj\u00edmav\u00fd i tajemn\u00fd. V\u0161em div\u00e1k\u016fm se l\u00edbil.<\/p>\n<p><img loading=\"lazy\" decoding=\"async\" class=\"alignnone size-thumbnail wp-image-79\" src=\"https:\/\/www.zsnizbor.cz\/druzina\/wp-content\/uploads\/sites\/2\/2020\/09\/kouzelnik-150x150.jpg\" alt=\"\" width=\"150\" height=\"150\" \/><\/p>\n","protected":false},"excerpt":{"rendered":"<p>UKLID\u00cdME SVOJI OBEC V p\u00e1tek 12. dubna si \u0161koln\u00ed dru\u017eina v r\u00e1mci pravideln\u00e9 vych\u00e1zky zvolila [&hellip;]<\/p>\n","protected":false},"author":1,"featured_media":323,"parent":7,"menu_order":2,"comment_status":"closed","ping_status":"closed","template":"","meta":{"_acf_changed":false,"inline_featured_image":false,"footnotes":""},"class_list":["post-65","page","type-page","status-publish","has-post-thumbnail","hentry"],"acf":[],"_links":{"self":[{"href":"https:\/\/www.zsnizbor.cz\/druzina\/wp-json\/wp\/v2\/pages\/65","targetHints":{"allow":["GET"]}}],"collection":[{"href":"https:\/\/www.zsnizbor.cz\/druzina\/wp-json\/wp\/v2\/pages"}],"about":[{"href":"https:\/\/www.zsnizbor.cz\/druzina\/wp-json\/wp\/v2\/types\/page"}],"author":[{"embeddable":true,"href":"https:\/\/www.zsnizbor.cz\/druzina\/wp-json\/wp\/v2\/users\/1"}],"replies":[{"embeddable":true,"href":"https:\/\/www.zsnizbor.cz\/druzina\/wp-json\/wp\/v2\/comments?post=65"}],"version-history":[{"count":7,"href":"https:\/\/www.zsnizbor.cz\/druzina\/wp-json\/wp\/v2\/pages\/65\/revisions"}],"predecessor-version":[{"id":81,"href":"https:\/\/www.zsnizbor.cz\/druzina\/wp-json\/wp\/v2\/pages\/65\/revisions\/81"}],"up":[{"embeddable":true,"href":"https:\/\/www.zsnizbor.cz\/druzina\/wp-json\/wp\/v2\/pages\/7"}],"wp:featuredmedia":[{"embeddable":true,"href":"https:\/\/www.zsnizbor.cz\/druzina\/wp-json\/wp\/v2\/media\/323"}],"wp:attachment":[{"href":"https:\/\/www.zsnizbor.cz\/druzina\/wp-json\/wp\/v2\/media?parent=65"}],"curies":[{"name":"wp","href":"https:\/\/api.w.org\/{rel}","templated":true}]}}