{"id":21,"date":"2020-09-17T07:54:43","date_gmt":"2020-09-17T07:54:43","guid":{"rendered":"https:\/\/novyweb.zsnizbor.cz\/druzina\/?page_id=21"},"modified":"2025-11-02T19:21:06","modified_gmt":"2025-11-02T19:21:06","slug":"kontakty","status":"publish","type":"page","link":"https:\/\/www.zsnizbor.cz\/druzina\/kontakty\/","title":{"rendered":"Kontakty"},"content":{"rendered":"<h3>\u0158EDITELKA \u0160KOLY:<\/h3>\n<table style=\"border-collapse: collapse;width: 99.7181%\">\n<tbody>\n<tr>\n<td style=\"width: 30.2866%\">Mgr. Dana Kl\u00edmov\u00e1<\/td>\n<td style=\"width: 147.057%\"><a href=\"mailto:reditelna@zsnizbor.cz\">reditelna@zsnizbor.cz<\/a><\/td>\n<\/tr>\n<\/tbody>\n<\/table>\n<p><strong>Pedagogick\u00fd sbor tvo\u0159\u00ed:<\/strong><\/p>\n<h3>T\u0158\u00cdDN\u00cd U\u010cITEL\u00c9<\/h3>\n<p>Mgr. P. Kupkov\u00e1\u00a0 <a href=\"mailto:kupkova@zsnizbor.cz\">kupkova@zsnizbor.cz<\/a><\/p>\n<p>Mgr. I. Nov\u00e1kov\u00e1. <a href=\"mailto:novakova@zsnizbor.cz\">novakova@zsnizbor.cz<\/a><\/p>\n<p>Mgr. R. Demuthov\u00e1\u00a0 <a href=\"mailto:demuthova@zsnizbor.cz\">demuthova@zsnizbor.cz<\/a><\/p>\n<p>Mgr. J. Ku\u010derov\u00e1\u00a0 <a href=\"mailto:kucerova@zsnizbor.cz\">kucerova@zsnizbor.cz<\/a><\/p>\n<p>Mgr. M. Hol\u00e1\u00a0 <a href=\"mailto:kasparova@zsnizbor.cz\">hola@zsnizbor.cz<\/a><\/p>\n<p><strong>VYCHOVATELKY \u0160KOLN\u00cd DRU\u017dINY<\/strong><\/p>\n<table style=\"border-collapse: collapse;width: 100%;height: 72px\">\n<tbody>\n<tr style=\"height: 24px\">\n<td style=\"width: 30.3118%;height: 24px\">J. Janovsk\u00e1<\/td>\n<td style=\"width: 69.6519%;height: 24px\"><a href=\"mailto:janovska@zsnizbor.cz\">janovska@zsnizbor.cz<\/a><\/td>\n<\/tr>\n<tr style=\"height: 24px\">\n<td style=\"width: 30.3118%;height: 24px\">Z. \u010cervenkov\u00e1<\/td>\n<td style=\"width: 69.6519%;height: 24px\"><a href=\"mailto:janovska@zsnizbor.cz\">cervenkova@zsnizbor.cz<\/a><\/td>\n<\/tr>\n<tr style=\"height: 24px\">\n<td style=\"width: 30.3118%;height: 24px\">J. Spurn\u00e1, T. Svobodov\u00e1<\/td>\n<td style=\"width: 69.6519%;height: 24px\"><a href=\"mailto:spurna@zsnizbor.cz\">spurna@zsnizbor.cz, svobodov\u00e1<\/a><a href=\"mailto:maresova@zsnizbor.cz\">@zsnizbor.cz<\/a><\/td>\n<\/tr>\n<\/tbody>\n<\/table>\n<p><strong>ASISTENTI PEDAGOGA<\/strong><\/p>\n<table style=\"border-collapse: collapse;width: 100%;height: 72px\">\n<tbody>\n<tr style=\"height: 24px\">\n<td style=\"width: 30.2756%;height: 24px\">Mgr. M. K\u016fnov\u00e1, Ilona Mare\u0161ov\u00e1<\/td>\n<td style=\"width: 69.7244%;height: 24px\"><a href=\"mailto:kunova@zsnizbor.cz\">kunova@zsnizbor.cz,\u00a0 <\/a><a href=\"mailto:maresova@zsnizbor.cz\">maresova@zsnizbor.cz<\/a><\/td>\n<\/tr>\n<tr style=\"height: 24px\">\n<td style=\"width: 30.2756%;height: 24px\">Iveta Gartov\u00e1, Krist\u00fdna Homolkov\u00e1<\/td>\n<td style=\"width: 69.7244%;height: 24px\"><a href=\"mailto:maresova@zsnizbor.cz\">gartova@zsnizbor.cz, homolkova<\/a><a href=\"mailto:maresova@zsnizbor.cz\">@zsnizbor.cz<\/a><\/td>\n<\/tr>\n<\/tbody>\n<\/table>\n<p><strong>O \u0161kolu se d\u00e1le staraj\u00ed:<\/strong><\/p>\n<h4>\u0160KOLNICE<\/h4>\n<p>I. Mare\u0161ov\u00e1<\/p>\n<h4>\u00daKLID V NA\u0160\u00cd \u0160KOLE ZAJI\u0160\u0164UJ\u00cd<\/h4>\n<p>A. Mat\u011bjkov\u00e1<br \/>\np. St\u00edbalov\u00e1<\/p>\n","protected":false},"excerpt":{"rendered":"<p>\u0158EDITELKA \u0160KOLY: Mgr. Dana Kl\u00edmov\u00e1 reditelna@zsnizbor.cz Pedagogick\u00fd sbor tvo\u0159\u00ed: T\u0158\u00cdDN\u00cd U\u010cITEL\u00c9 Mgr. P. Kupkov\u00e1\u00a0 kupkova@zsnizbor.cz [&hellip;]<\/p>\n","protected":false},"author":1,"featured_media":0,"parent":0,"menu_order":7,"comment_status":"closed","ping_status":"closed","template":"","meta":{"_acf_changed":false,"inline_featured_image":false,"footnotes":""},"class_list":["post-21","page","type-page","status-publish","hentry"],"acf":[],"_links":{"self":[{"href":"https:\/\/www.zsnizbor.cz\/druzina\/wp-json\/wp\/v2\/pages\/21","targetHints":{"allow":["GET"]}}],"collection":[{"href":"https:\/\/www.zsnizbor.cz\/druzina\/wp-json\/wp\/v2\/pages"}],"about":[{"href":"https:\/\/www.zsnizbor.cz\/druzina\/wp-json\/wp\/v2\/types\/page"}],"author":[{"embeddable":true,"href":"https:\/\/www.zsnizbor.cz\/druzina\/wp-json\/wp\/v2\/users\/1"}],"replies":[{"embeddable":true,"href":"https:\/\/www.zsnizbor.cz\/druzina\/wp-json\/wp\/v2\/comments?post=21"}],"version-history":[{"count":8,"href":"https:\/\/www.zsnizbor.cz\/druzina\/wp-json\/wp\/v2\/pages\/21\/revisions"}],"predecessor-version":[{"id":1298,"href":"https:\/\/www.zsnizbor.cz\/druzina\/wp-json\/wp\/v2\/pages\/21\/revisions\/1298"}],"wp:attachment":[{"href":"https:\/\/www.zsnizbor.cz\/druzina\/wp-json\/wp\/v2\/media?parent=21"}],"curies":[{"name":"wp","href":"https:\/\/api.w.org\/{rel}","templated":true}]}}