{"id":19,"date":"2020-09-17T07:54:28","date_gmt":"2020-09-17T07:54:28","guid":{"rendered":"https:\/\/novyweb.zsnizbor.cz\/druzina\/?page_id=19"},"modified":"2021-06-16T12:37:39","modified_gmt":"2021-06-16T12:37:39","slug":"aktuality","status":"publish","type":"page","link":"https:\/\/www.zsnizbor.cz\/druzina\/","title":{"rendered":"Aktuality"},"content":{"rendered":"<p>Zde najdete v\u0161e, co pot\u0159ebujete v\u011bd\u011bt o aktivit\u00e1ch, kter\u00e9 prob\u011bhnou ve \u0161koln\u00ed dru\u017ein\u011b.<\/p>\n<hr \/>\n","protected":false},"excerpt":{"rendered":"<p>Zde najdete v\u0161e, co pot\u0159ebujete v\u011bd\u011bt o aktivit\u00e1ch, kter\u00e9 prob\u011bhnou ve \u0161koln\u00ed dru\u017ein\u011b.<\/p>\n","protected":false},"author":1,"featured_media":0,"parent":0,"menu_order":0,"comment_status":"closed","ping_status":"closed","template":"categorypage.php","meta":{"_acf_changed":false,"inline_featured_image":false,"footnotes":""},"class_list":["post-19","page","type-page","status-publish","hentry"],"acf":[],"_links":{"self":[{"href":"https:\/\/www.zsnizbor.cz\/druzina\/wp-json\/wp\/v2\/pages\/19","targetHints":{"allow":["GET"]}}],"collection":[{"href":"https:\/\/www.zsnizbor.cz\/druzina\/wp-json\/wp\/v2\/pages"}],"about":[{"href":"https:\/\/www.zsnizbor.cz\/druzina\/wp-json\/wp\/v2\/types\/page"}],"author":[{"embeddable":true,"href":"https:\/\/www.zsnizbor.cz\/druzina\/wp-json\/wp\/v2\/users\/1"}],"replies":[{"embeddable":true,"href":"https:\/\/www.zsnizbor.cz\/druzina\/wp-json\/wp\/v2\/comments?post=19"}],"version-history":[{"count":7,"href":"https:\/\/www.zsnizbor.cz\/druzina\/wp-json\/wp\/v2\/pages\/19\/revisions"}],"predecessor-version":[{"id":367,"href":"https:\/\/www.zsnizbor.cz\/druzina\/wp-json\/wp\/v2\/pages\/19\/revisions\/367"}],"wp:attachment":[{"href":"https:\/\/www.zsnizbor.cz\/druzina\/wp-json\/wp\/v2\/media?parent=19"}],"curies":[{"name":"wp","href":"https:\/\/api.w.org\/{rel}","templated":true}]}}